5 + 11. Suppose 32 = v*p - 2*p. Calculate the remainder when 12 is divided by p.
4
Let q = 227 - 160. Calculate the remainder when 197 is divided by q.
63
Let n = 48 + 137. What is the remainder when n is divided by 17?
15
Let c(n) = -n**2 + 5*n**2 + n - 2 + 0*n. Let r(l) = l**3 + 4*l**2 - 5*l + 2. Let t be r(-5). What is the remainder when 29 is divided by c(t)?
13
Suppose -2*k - 3*l - 17 = 0, l + 27 = -4*k - 22. Let p(m) = -6*m - 60. What is the remainder when 231 is divided by p(k)?
15
Let x(y) = 26*y**2 - 3*y - 1. Let z = 92 + -94. Calculate the remainder when x(z) is divided by 37.
35
Suppose 0 = x - 74 + 30. Suppose -2*w = -2 - 4. Suppose -4*i - w*l + 27 = -3*i, 0 = -3*i - 4*l + 61. What is the remainder when x is divided by i?
14
Let d(s) = 2*s**2 - 8. What is the remainder when 68 is divided by d(4)?
20
Let k be 5/(-10)*(-6)/(-3). Let z = k - -4. Suppose 0 = 4*o - y - 285, 0 = z*o + 4*y - 83 - 145. What is the remainder when o is divided by 19?
15
Let t = 1 - -3. Suppose 9 = 7*h - t*h. Suppose -90 = -9*u - 0*u. Calculate the remainder when u is divided by h.
1
Let p = 59 - 45. Let j = 2 - -37. What is the remainder when j is divided by p?
11
Suppose 2*w + f - 11 = -2, 4*w - 3*f = 33. Suppose -4*c - 174 = -w*c. Calculate the remainder when c is divided by 13.
9
Suppose 5*o + 21 = 6*t - 2*t, -5*t + 3*o = -23. Calculate the remainder when 52 is divided by 3*t/(-12) + 19.
16
Let f = 170 - 69. Calculate the remainder when f is divided by 26.
23
Calculate the remainder when 14 is divided by (42/63)/((-2)/(-12) - 0).
2
Suppose -616*q + 610*q + 180 = 0. Calculate the remainder when 206 is divided by q.
26
Let v = -350 + 364. What is the remainder when 38 is divided by v?
10
Let w(h) = -h**2 - 5*h + 1. Let o be -1*8/12*6. Let f be w(o). What is the remainder when 1610/(-28)*(-4)/f is divided by 12?
10
Let m be 140/42 + (-1)/3. Suppose -m*j - 24 = -60. Calculate the remainder when 20 is divided by j.
8
Suppose 16 = q - 5*h, 0*h - 4 = h. What is the remainder when 48 is divided by 369/27 - q/(-6)?
9
Suppose -5*f = 5*f - 1120. Suppose -4*j + 9 = -143. What is the remainder when f is divided by j?
36
Suppose 0 = -4*t + 4*r + 118 + 14, -5*t = -3*r - 163. Suppose v - 32 = -h, h - 3*v = -v + t. What is the remainder when h is divided by 7?
4
Let q be 7/(-14) - 3/2 - 41. Let v = 47 + q. Let h = 7 - 4. Calculate the remainder when v is divided by h.
1
What is the remainder when 2464/70 + 2/(-10) is divided by 26?
9
Suppose 161*w + 330 = 166*w. Calculate the remainder when w is divided by 26.
14
What is the remainder when 259 is divided by ((-12)/(-14))/(12/2016*6)?
19
Suppose 3*r - 9 = 0, -14*b + 12*b = -3*r - 5. Calculate the remainder when 91 is divided by b.
0
Let m(z) = 7*z**2 + z - 2. Calculate the remainder when 19 - -1 - 0 - 5 is divided by m(1).
3
Suppose -264*m + 272 = -262*m. Calculate the remainder when 415 is divided by m.
7
Let p be ((-5)/(-5))/(3/(-6)). Let f(t) = -17*t**3 + t**2 + 4*t. Calculate the remainder when f(p) is divided by 19.
18
Let x(l) = -l**2 - 28*l - 182. Calculate the remainder when 20 is divided by x(-11).
0
Suppose 2*t - 51*q = -48*q + 97, 193 = 3*t + 5*q. Calculate the remainder when t is divided by (8/6)/((-6)/(-99)).
12
Suppose 181*j - 45709 + 4174 = -32*j. Let v(i) = 21*i**3 + 2*i - 1. Calculate the remainder when j is divided by v(1).
19
Let d(n) = 22*n. Suppose -4*h + 301 + 135 = -5*c, 2*c - 5*h = -171. What is the remainder when d(2) is divided by c/(-9) + 2 + (-14)/(-63)?
8
Suppose -2*j + 2040 = 5*f + 3*j, -f + 5*j = -402. What is the remainder when f is divided by 41?
38
Calculate the remainder when (480 - 0)*-1*8/(-10) is divided by 55.
54
Let p = 562 - 547. Calculate the remainder when 34 is divided by p.
4
Suppose 3*a - 7*a = 3*n + 289, 2*a = 4. Let h = n + 112. What is the remainder when 37 is divided by h?
11
Let h = -2539 - -2563. Suppose 6*y - 2*y - 4*p = 256, p - 281 = -4*y. What is the remainder when y is divided by h?
21
Let h(g) = g**2 - 3*g + 2. Let z = 20 - 15. Let l be h(z). Suppose 0*u + m + 42 = 3*u, l = 4*m. What is the remainder when 41 is divided by u?
11
Calculate the remainder when 166 is divided by (-169)/(-3) - (-35)/(-105).
54
Let v(q) = 14*q + 349. What is the remainder when 160 is divided by v(-23)?
25
Let p(d) = d**3 - 11*d**2 + d - 6. Suppose 3*n + 47 = 8. Calculate the remainder when n/1*(-5 - -4) is divided by p(11).
3
Suppose 10*o + 48 = 1218. Calculate the remainder when o is divided by 6.
3
Suppose 1064 = -50*r + 64*r. What is the remainder when r is divided by 11?
10
Let k = 37 - 31. Suppose k*y - 3*y = 69. Calculate the remainder when y is divided by 6.
5
Let i = 13 - 4. Calculate the remainder when 117/9 - (1 + 0) is divided by i.
3
Suppose -20*w = 35*w - 7315. What is the remainder when w is divided by 17?
14
Let l = 951 + -930. What is the remainder when 83 is divided by l?
20
Suppose 59 = -3*x + 2*z, 0*x + 4*x + 72 = -4*z. Let o(n) = n**2 + 21*n + 41. Calculate the remainder when 6 is divided by o(x).
0
Suppose 0 = 2*u + 80 + 214. Let a = -107 - u. What is the remainder when 156 is divided by a?
36
Suppose 3*g + 175 = 1. Let f = -31 - g. Calculate the remainder when 1/6 + (-12820)/(-120) is divided by f.
26
Let v be (-96)/(-40)*(0 - (-10)/(-3)). Let y = 49 + v. Calculate the remainder when y is divided by 11.
8
Let h = 2 + 9. What is the remainder when 43*(-5 + 4)*-1 is divided by h?
10
Suppose 5*c - 3*q - 46 = 0, 5*c - 6*c = 5*q - 26. What is the remainder when 261 is divided by c?
8
What is the remainder when (29 - (-9 - -9))*7 is divided by 5?
3
Suppose -121 = 3*q + 4*p - 150, 37 = 3*q + 2*p. Let w = -1 - -45. Calculate the remainder when w is divided by q.
14
Let a(q) = 136*q - 3. Let i be a(1). Suppose 14*s = 147 + i. What is the remainder when 28 is divided by s?
8
Let q = -155 - -194. What is the remainder when q is divided by 14?
11
Let y(o) = o**2 - 14*o + 3. Let s be (-2)/(3 - (-100)/(-32)). What is the remainder when y(s) is divided by 10?
5
Let y be 24/(-10)*(39/6 - -1). Let k(p) = p**3 + 17*p**2 - 19*p + 40. Calculate the remainder when 228 is divided by k(y).
54
Suppose 0 = -7*b + 538 - 349. Calculate the remainder when 133 is divided by b.
25
Let j(c) = -3*c**2 - 154*c - 467. Let f be -2 - (-3 + 2*-1). Suppose f*s - 61 = 2*s. Calculate the remainder when s is divided by j(-48).
9
Suppose -132 = -16*n + 332. Calculate the remainder when n is divided by 29.
0
Suppose 3*b + 18 = 4*n + 60, -2*b + 2*n = -26. Let r = 6 - 4. Let z = r + 15. Calculate the remainder when z is divided by b.
7
Suppose 0*z = -5*z. Suppose -3*n + 4*n = z. Calculate the remainder when 53 is divided by 8 + -7 + n + 18.
15
Suppose 25 = 5*b, 175 = 3*g - 7*b + 3*b. Suppose 0 = i + 5*o - g, -i + 4*o - 27 = -101. Calculate the remainder when i is divided by 12.
10
Let n(m) = 4*m**2 + 4*m**2 + m + 18*m**2 - 2 + m. Let t be n(2). Suppose 31 = -5*s + t. Calculate the remainder when 58 is divided by s.
13
Suppose -3*b + 132 = -333. Suppose f = -j - f + 30, 5*j = -5*f + b. Calculate the remainder when 93 is divided by j.
29
Suppose 8*z - 14*z + 246 = 0. Calculate the remainder when 123 is divided by z.
0
Suppose 3*b + 50 = 2*p - 0*p, 150 = 5*p + 5*b. Let c be 2/(-5) + 64/10. Calculate the remainder when p is divided by 57/c + (-3)/(-6).
8
Let v(x) = -x**3 + 7*x**2 - 2*x + 7. Let m = -5224 - -5237. Calculate the remainder when v(5) is divided by m.
8
Suppose -13 = -2*m - 11. Calculate the remainder when 5 + -6 + 40/m is divided by 14.
11
Let w(m) = m**3 - 3*m**2 - 3*m - 1. Let l = 521 - 454. What is the remainder when l is divided by w(5)?
33
Suppose 10*x - 67 = 3403. Calculate the remainder when x is divided by 29.
28
Suppose -z + 2*d + 16 = 2*z, 0 = 4*z + 2*d - 12. Suppose -v - 2*g - 1 = -7, z*v - 4*g = 48. What is the remainder when v is divided by 7?
3
Suppose -402 = -3*u - 3*z + 156, -2*z = -u + 183. Calculate the remainder when u is divided by 27.
23
Let w(i) = i**3 + 15*i**2 + 9*i + 16. Let x be w(-14). Suppose -5*b = x - 11. Let u = b + 64. Calculate the remainder when u is divided by 13.
10
Let r = -42 + 21. Calculate the remainder when 0 - (-1 - 92) - 0 is divided by (-27)/(-21) + -1 + (-498)/r.
21
Suppose -5*p = -4*h - 3552, 6*p + 2*h = 3*p + 2118. Suppose 2*r + 2*r = 80. What is the r